{"id":3,"date":"2026-02-18T18:12:52","date_gmt":"2026-02-18T18:12:52","guid":{"rendered":"http:\/\/moskicombat.es\/?page_id=3"},"modified":"2026-03-06T08:40:47","modified_gmt":"2026-03-06T08:40:47","slug":"politica-de-privacidad","status":"publish","type":"page","link":"https:\/\/moskicombat.es\/index.php\/politica-de-privacidad\/","title":{"rendered":"Pol\u00edtica de Privacidad"},"content":{"rendered":"\t\t<div data-elementor-type=\"wp-page\" data-elementor-id=\"3\" class=\"elementor elementor-3\" data-elementor-post-type=\"page\">\n\t\t\t\t<div class=\"elementor-element elementor-element-6c0468f6 e-flex e-con-boxed e-con e-parent\" data-id=\"6c0468f6\" data-element_type=\"container\" data-e-type=\"container\">\n\t\t\t\t\t<div class=\"e-con-inner\">\n\t\t\t\t<div class=\"elementor-element elementor-element-7f0dbe7b elementor-widget elementor-widget-text-editor\" data-id=\"7f0dbe7b\" data-element_type=\"widget\" data-e-type=\"widget\" data-widget_type=\"text-editor.default\">\n\t\t\t\t\t\t\t\t\t<h2><\/h2><h2 class=\"wp-block-heading\" data-start=\"1844\" data-end=\"1868\">POL\u00cdTICA DE PRIVACIDAD<\/h2><p data-start=\"1870\" data-end=\"1969\">En cumplimiento del Reglamento (UE) 2016\/679 (RGPD) y la Ley Org\u00e1nica 3\/2018 (LOPDGDD), se informa:<\/p><hr data-start=\"1971\" data-end=\"1974\" \/><h2 data-start=\"1976\" data-end=\"2006\">Responsable del tratamiento<\/h2><p data-start=\"2008\" data-end=\"2154\"><strong data-start=\"415\" data-end=\"427\">Titular:<\/strong> FITOLIA GESTI\u00d3N, S.L.<br data-start=\"439\" data-end=\"442\" \/><strong data-start=\"442\" data-end=\"454\">NIF\/CIF:<\/strong> B98596281<br data-start=\"464\" data-end=\"467\" \/><strong data-start=\"467\" data-end=\"488\">Domicilio social:<\/strong> Avenida Blasco Ib\u00e1\u00f1ez n\u00ba 194, 2\u00ba, puerta 8\u00aa, 46022 Valencia (Espa\u00f1a)<br data-start=\"521\" data-end=\"524\" \/><strong data-start=\"524\" data-end=\"537\">Tel\u00e9fono:<\/strong>\u00a0<span style=\"font-size: 1rem;\">+34 962 069 121<br \/><\/span><strong style=\"font-size: 1rem;\" data-start=\"561\" data-end=\"571\">Email:<\/strong><span style=\"font-size: 1rem;\">\u00a0<\/span><span style=\"font-size: 1rem;\">info@fitoliacosmetics.es<br \/><\/span><strong style=\"font-size: 1rem;\" data-start=\"595\" data-end=\"611\">Dominio web:<\/strong> <a href=\"https:\/\/moskicombat.es\">https:\/\/m<span style=\"font-size: 1rem;\">oskicombat.es<\/span><\/a><\/p><hr data-start=\"2156\" data-end=\"2159\" \/><h2 data-start=\"2161\" data-end=\"2189\">Finalidad del tratamiento<\/h2><p data-start=\"2191\" data-end=\"2282\">Los datos personales facilitados a trav\u00e9s del formulario de contacto ser\u00e1n utilizados para:<\/p><ul data-start=\"2284\" data-end=\"2458\"><li data-start=\"2284\" data-end=\"2323\"><p data-start=\"2286\" data-end=\"2323\">Gestionar solicitudes de informaci\u00f3n.<\/p><\/li><li data-start=\"2324\" data-end=\"2363\"><p data-start=\"2326\" data-end=\"2363\">Elaborar presupuestos personalizados.<\/p><\/li><li data-start=\"2364\" data-end=\"2423\"><p data-start=\"2366\" data-end=\"2423\">Contactar con empresas interesadas en nuestros servicios.<\/p><\/li><li data-start=\"2424\" data-end=\"2458\"><p data-start=\"2426\" data-end=\"2458\">Gestionar la relaci\u00f3n comercial.<\/p><\/li><\/ul><p data-start=\"2460\" data-end=\"2504\">No se utilizar\u00e1n para finalidades distintas.<\/p><hr data-start=\"2506\" data-end=\"2509\" \/><h2 data-start=\"2511\" data-end=\"2526\">Legitimaci\u00f3n<\/h2><p data-start=\"2528\" data-end=\"2623\">La base legal es el consentimiento del usuario al enviar el formulario o solicitar informaci\u00f3n.<\/p><hr data-start=\"2625\" data-end=\"2628\" \/><h2 data-start=\"2630\" data-end=\"2654\">Conservaci\u00f3n de datos<\/h2><p data-start=\"2656\" data-end=\"2781\">Los datos se conservar\u00e1n mientras exista inter\u00e9s leg\u00edtimo o relaci\u00f3n comercial, o hasta que el usuario solicite su supresi\u00f3n.<\/p><hr data-start=\"2783\" data-end=\"2786\" \/><h2 data-start=\"2788\" data-end=\"2804\">Destinatarios<\/h2><p data-start=\"2806\" data-end=\"2953\">No se ceder\u00e1n datos a terceros salvo obligaci\u00f3n legal o proveedores necesarios para la prestaci\u00f3n del servicio (hosting, correo electr\u00f3nico, etc.).<\/p><hr data-start=\"2955\" data-end=\"2958\" \/><h2 data-start=\"2960\" data-end=\"2983\">Derechos del usuario<\/h2><p data-start=\"2985\" data-end=\"3015\">Puede ejercer sus derechos de:<\/p><ul data-start=\"3017\" data-end=\"3105\"><li data-start=\"3017\" data-end=\"3027\"><p data-start=\"3019\" data-end=\"3027\">Acceso<\/p><\/li><li data-start=\"3028\" data-end=\"3045\"><p data-start=\"3030\" data-end=\"3045\">Rectificaci\u00f3n<\/p><\/li><li data-start=\"3046\" data-end=\"3059\"><p data-start=\"3048\" data-end=\"3059\">Supresi\u00f3n<\/p><\/li><li data-start=\"3060\" data-end=\"3074\"><p data-start=\"3062\" data-end=\"3074\">Limitaci\u00f3n<\/p><\/li><li data-start=\"3075\" data-end=\"3088\"><p data-start=\"3077\" data-end=\"3088\">Oposici\u00f3n<\/p><\/li><li data-start=\"3089\" data-end=\"3105\"><p data-start=\"3091\" data-end=\"3105\">Portabilidad<\/p><\/li><\/ul><p data-start=\"3107\" data-end=\"3148\">Enviando un correo a: info@fitoliacosmetics.es<\/p><p data-start=\"3150\" data-end=\"3248\">Tambi\u00e9n puede presentar reclamaci\u00f3n ante la Agencia Espa\u00f1ola de Protecci\u00f3n de Datos (<a href=\"http:\/\/www.aepd.es\" target=\"_new\" rel=\"noopener\" data-start=\"3235\" data-end=\"3246\">www.aepd.es<\/a>).<\/p>\t\t\t\t\t\t\t\t<\/div>\n\t\t\t\t\t<\/div>\n\t\t\t\t<\/div>\n\t\t\t\t<\/div>\n\t\t","protected":false},"excerpt":{"rendered":"<p>POL\u00cdTICA DE PRIVACIDAD En cumplimiento del Reglamento (UE) 2016\/679 (RGPD) y la Ley Org\u00e1nica 3\/2018 (LOPDGDD), se informa: Responsable del tratamiento Titular: FITOLIA GESTI\u00d3N, S.L.NIF\/CIF: B98596281Domicilio social: Avenida Blasco Ib\u00e1\u00f1ez n\u00ba 194, 2\u00ba, puerta 8\u00aa, 46022 Valencia (Espa\u00f1a)Tel\u00e9fono:\u00a0+34 962 069 121Email:\u00a0info@fitoliacosmetics.esDominio web: https:\/\/moskicombat.es Finalidad del tratamiento Los datos personales facilitados a trav\u00e9s del formulario de [&hellip;]<\/p>\n","protected":false},"author":1,"featured_media":0,"parent":0,"menu_order":0,"comment_status":"closed","ping_status":"closed","template":"","meta":{"footnotes":""},"class_list":["post-3","page","type-page","status-publish","hentry"],"_links":{"self":[{"href":"https:\/\/moskicombat.es\/index.php\/wp-json\/wp\/v2\/pages\/3","targetHints":{"allow":["GET"]}}],"collection":[{"href":"https:\/\/moskicombat.es\/index.php\/wp-json\/wp\/v2\/pages"}],"about":[{"href":"https:\/\/moskicombat.es\/index.php\/wp-json\/wp\/v2\/types\/page"}],"author":[{"embeddable":true,"href":"https:\/\/moskicombat.es\/index.php\/wp-json\/wp\/v2\/users\/1"}],"replies":[{"embeddable":true,"href":"https:\/\/moskicombat.es\/index.php\/wp-json\/wp\/v2\/comments?post=3"}],"version-history":[{"count":21,"href":"https:\/\/moskicombat.es\/index.php\/wp-json\/wp\/v2\/pages\/3\/revisions"}],"predecessor-version":[{"id":1394,"href":"https:\/\/moskicombat.es\/index.php\/wp-json\/wp\/v2\/pages\/3\/revisions\/1394"}],"wp:attachment":[{"href":"https:\/\/moskicombat.es\/index.php\/wp-json\/wp\/v2\/media?parent=3"}],"curies":[{"name":"wp","href":"https:\/\/api.w.org\/{rel}","templated":true}]}}